{"id":48,"date":"2022-12-12T14:50:44","date_gmt":"2022-12-12T14:50:44","guid":{"rendered":"http:\/\/www.3x3kampcadiri.com\/?post_type=product&#038;p=48"},"modified":"2022-12-12T14:52:05","modified_gmt":"2022-12-12T14:52:05","slug":"clk-2x2-katlanabilir-gazebo-kamp-karavan-cadiri-01","status":"publish","type":"product","link":"http:\/\/www.3x3kampcadiri.com\/index.php\/urun\/clk-2x2-katlanabilir-gazebo-kamp-karavan-cadiri-01\/","title":{"rendered":"CLK 2&#215;2 Katlanabilir Gazebo Kamp Karavan \u00c7ad\u0131r\u0131 01"},"content":{"rendered":"<h2 style=\"text-align: center;\">CLK KAMP VE KARAVAN \u00c7ADIRLARI<\/h2>\n<h3 style=\"text-align: center;\">CLK 2&#215;2 KAMP VE KARAVAN \u00c7ADIRI<\/h3>\n<div><\/div>\n<div>CLK Gazebo Katlan\u0131r Kamp ve Karavan \u00c7ad\u0131r\u0131 Sat\u0131n Almak ve Detayl\u0131 Bilgi Almak \u0130\u00e7in: <strong>0 533 925 36 78<\/strong> bize ula\u015fabilirsiniz.<\/div>\n<h2>Gazebo Kamp \u00c7ad\u0131r\u0131 \u0130malat\u00e7\u0131 Firma CLK Garantili<\/h2>\n<p><strong>2&#215;2 mt Kamp \u00c7ad\u0131r\u0131 \u00d6zellikleri<\/strong><\/p>\n<ul>\n<li>Gazebo \u00e7ad\u0131r a\u00e7\u0131k d\u0131\u015ftan d\u0131\u015fa \u00f6l\u00e7\u00fcs\u00fc 2\u00d72 metre geni\u015fliktedir.<\/li>\n<li>\u0130\u00e7 tavan 2,20 metre y\u00fcksekli\u011findedir.<\/li>\n<li>4-6 ki\u015fiye kadar uyku imkan\u0131 tan\u0131r.<\/li>\n<li>K\u00fc\u00e7\u00fcl\u00fcr, katlan\u0131r 156*20*20 cm katlan\u0131r \u00f6l\u00e7\u00fcs\u00fc<\/li>\n<li>Gazebo kamp \u00e7ad\u0131r\u0131 kuma\u015f\u0131 %100 su ge\u00e7irmezdir<\/li>\n<li>Ta\u015f\u0131ma \u00e7antas\u0131, ip ve kaz\u0131klar\u0131 ile beraber gelir<\/li>\n<li>\u00c7ad\u0131r\u0131n alt k\u0131sm\u0131 kapal\u0131d\u0131r.<\/li>\n<li>\u00c7ad\u0131r\u0131n yanlar\u0131nda sineklik i\u00e7eren 105\u00d7120 cm 2 adet pencere vard\u0131r.<\/li>\n<li>D\u0131\u015far\u0131dan g\u00f6z\u00fckmemesi i\u00e7in pencerelerde fermuar ve katlanmas\u0131 i\u00e7in toplama klipsi bulunmaktad\u0131r.<\/li>\n<li>Kap\u0131larda yine toplama klipsleri bulunmaktad\u0131r.<\/li>\n<li>Kap\u0131da ortadan fermuarl\u0131 sineklik vard\u0131r.<\/li>\n<li>\u0130\u00e7 k\u0131sm\u0131nda 4 adet ask\u0131 ve 6 g\u00f6zl\u00fc raf bulunmaktad\u0131r.<\/li>\n<li>Tavanda \u0131\u015f\u0131k asmak i\u00e7in makaslar vard\u0131r.<\/li>\n<li>Taban rahat silinmesi i\u00e7in pvc brandad\u0131r.<\/li>\n<li>\u00dcst branda ve yan duvarlar\u0131 iste\u011fe g\u00f6re kombin yapabilirsiniz.<\/li>\n<li>\u00c7ad\u0131r \u00f6n duvar\u0131nda baca sistemi bulunmaktad\u0131r.<\/li>\n<li>Kolay kurulur, a\u00e7\u0131l\u0131r ve kapan\u0131r.<\/li>\n<\/ul>\n<div>Gazebo Kamp \u00c7ad\u0131r\u0131 T\u00fcm Renklerde \u0130malat Yapan CLK Firmas\u0131 Evden \u00c7\u0131kmadan Kamp Yapman\u0131za Olanak Sa\u011flar..<\/div>\n<div><\/div>\n<div>CLK Gazebo Katlan\u0131r Kamp ve Karavan \u00c7ad\u0131r\u0131 Sat\u0131n Almak ve Detayl\u0131 Bilgi Almak \u0130\u00e7in: <strong>0 533 925 36 78<\/strong> bize ula\u015fabilirsiniz.<\/div>\n<div><\/div>\n<div>\u00dcr\u00fcnleri online sat\u0131n almak i\u00e7in <a href=\"http:\/\/www.clkticaret.com\"><strong>www.clkticaret.com<\/strong><\/a> web sitemizi ziyaret edebilirsiniz.<\/div>\n","protected":false},"excerpt":{"rendered":"<p>CLK Gazebo Kamp ve Karavan \u00c7ad\u0131r\u0131 \u0130malat\u0131 ve Sat\u0131\u015f\u0131 Yapan Lider Firmad\u0131r. Hemen Sizde Katlan\u0131r Gazebo Kamp ve Karavan \u00c7ad\u0131r\u0131 Sat\u0131n Almak \u0130\u00e7in Bize 0 533 925 36 78 Numaral\u0131 Telefon \u0130le Ula\u015fabilirsiniz.<\/p>\n","protected":false},"featured_media":410,"comment_status":"open","ping_status":"closed","template":"","meta":[],"product_cat":[221,222,223,224,225,226,227,228,229],"product_tag":[230,231,232,233,234,235,236,237,238,239,240,241,242,243,244,245,246],"aioseo_notices":[],"yoast_head":"<!-- This site is optimized with the Yoast SEO plugin v18.2 - https:\/\/yoast.com\/wordpress\/plugins\/seo\/ -->\n<title>CLK 2x2 Katlanabilir Gazebo Kamp Karavan \u00c7ad\u0131r\u0131 01 - 3x3 Gazebo Kamp &Ccedil;ad\u0131r\u0131 Katlanabilir Tente, Portatif Gazebo Kamp &Ccedil;ad\u0131r\u0131 Karavan &Ccedil;ad\u0131r\u0131 \u0130malat\u0131 \u0130leti\u015fim:0 533 925 36 78<\/title>\n<meta name=\"robots\" content=\"index, follow, max-snippet:-1, max-image-preview:large, max-video-preview:-1\" \/>\n<link rel=\"canonical\" href=\"http:\/\/www.3x3kampcadiri.com\/index.php\/urun\/clk-2x2-katlanabilir-gazebo-kamp-karavan-cadiri-01\/\" \/>\n<meta property=\"og:locale\" content=\"tr_TR\" \/>\n<meta property=\"og:type\" content=\"article\" \/>\n<meta property=\"og:title\" content=\"CLK 2x2 Katlanabilir Gazebo Kamp Karavan \u00c7ad\u0131r\u0131 01 - 3x3 Gazebo Kamp &Ccedil;ad\u0131r\u0131 Katlanabilir Tente, Portatif Gazebo Kamp &Ccedil;ad\u0131r\u0131 Karavan &Ccedil;ad\u0131r\u0131 \u0130malat\u0131 \u0130leti\u015fim:0 533 925 36 78\" \/>\n<meta property=\"og:description\" content=\"CLK Gazebo Kamp ve Karavan \u00c7ad\u0131r\u0131 \u0130malat\u0131 ve Sat\u0131\u015f\u0131 Yapan Lider Firmad\u0131r. Hemen Sizde Katlan\u0131r Gazebo Kamp ve Karavan \u00c7ad\u0131r\u0131 Sat\u0131n Almak \u0130\u00e7in Bize 0 533 925 36 78 Numaral\u0131 Telefon \u0130le Ula\u015fabilirsiniz.\" \/>\n<meta property=\"og:url\" content=\"http:\/\/www.3x3kampcadiri.com\/index.php\/urun\/clk-2x2-katlanabilir-gazebo-kamp-karavan-cadiri-01\/\" \/>\n<meta property=\"og:site_name\" content=\"3x3 Gazebo Kamp &Ccedil;ad\u0131r\u0131 Katlanabilir Tente, Portatif Gazebo Kamp &Ccedil;ad\u0131r\u0131 Karavan &Ccedil;ad\u0131r\u0131 \u0130malat\u0131 \u0130leti\u015fim:0 533 925 36 78\" \/>\n<meta property=\"article:modified_time\" content=\"2022-12-12T14:52:05+00:00\" \/>\n<meta name=\"twitter:card\" content=\"summary_large_image\" \/>\n<meta name=\"twitter:label1\" content=\"Tahmini okuma s\u00fcresi\" \/>\n\t<meta name=\"twitter:data1\" content=\"1 dakika\" \/>\n<script type=\"application\/ld+json\" class=\"yoast-schema-graph\">{\"@context\":\"https:\/\/schema.org\",\"@graph\":[{\"@type\":\"WebSite\",\"@id\":\"http:\/\/www.3x3kampcadiri.com\/#website\",\"url\":\"http:\/\/www.3x3kampcadiri.com\/\",\"name\":\"3x3 Gazebo Kamp &Ccedil;ad\u0131r\u0131 Katlanabilir Tente, Portatif Gazebo Kamp &Ccedil;ad\u0131r\u0131 Karavan &Ccedil;ad\u0131r\u0131 \u0130malat\u0131 \u0130leti\u015fim:0 533 925 36 78\",\"description\":\"3x3 Gazebo Kamp &Ccedil;ad\u0131r\u0131 Katlanabilir Tente, Portatif Gazebo Kamp &Ccedil;ad\u0131r\u0131 Karavan &Ccedil;ad\u0131r\u0131 \u0130malat\u0131 \u0130leti\u015fim:0 533 925 36 78\",\"potentialAction\":[{\"@type\":\"SearchAction\",\"target\":{\"@type\":\"EntryPoint\",\"urlTemplate\":\"http:\/\/www.3x3kampcadiri.com\/?s={search_term_string}\"},\"query-input\":\"required name=search_term_string\"}],\"inLanguage\":\"tr\"},{\"@type\":\"ImageObject\",\"@id\":\"http:\/\/www.3x3kampcadiri.com\/index.php\/urun\/clk-2x2-katlanabilir-gazebo-kamp-karavan-cadiri-01\/#primaryimage\",\"inLanguage\":\"tr\",\"url\":\"http:\/\/www.3x3kampcadiri.com\/wp-content\/uploads\/2022\/12\/clk-2x2-kamp-cadiri-katlanir-tente-gazebo-karavan-2.jpg\",\"contentUrl\":\"http:\/\/www.3x3kampcadiri.com\/wp-content\/uploads\/2022\/12\/clk-2x2-kamp-cadiri-katlanir-tente-gazebo-karavan-2.jpg\",\"width\":1024,\"height\":1024},{\"@type\":\"WebPage\",\"@id\":\"http:\/\/www.3x3kampcadiri.com\/index.php\/urun\/clk-2x2-katlanabilir-gazebo-kamp-karavan-cadiri-01\/#webpage\",\"url\":\"http:\/\/www.3x3kampcadiri.com\/index.php\/urun\/clk-2x2-katlanabilir-gazebo-kamp-karavan-cadiri-01\/\",\"name\":\"CLK 2x2 Katlanabilir Gazebo Kamp Karavan \u00c7ad\u0131r\u0131 01 - 3x3 Gazebo Kamp &Ccedil;ad\u0131r\u0131 Katlanabilir Tente, Portatif Gazebo Kamp &Ccedil;ad\u0131r\u0131 Karavan &Ccedil;ad\u0131r\u0131 \u0130malat\u0131 \u0130leti\u015fim:0 533 925 36 78\",\"isPartOf\":{\"@id\":\"http:\/\/www.3x3kampcadiri.com\/#website\"},\"primaryImageOfPage\":{\"@id\":\"http:\/\/www.3x3kampcadiri.com\/index.php\/urun\/clk-2x2-katlanabilir-gazebo-kamp-karavan-cadiri-01\/#primaryimage\"},\"datePublished\":\"2022-12-12T14:50:44+00:00\",\"dateModified\":\"2022-12-12T14:52:05+00:00\",\"breadcrumb\":{\"@id\":\"http:\/\/www.3x3kampcadiri.com\/index.php\/urun\/clk-2x2-katlanabilir-gazebo-kamp-karavan-cadiri-01\/#breadcrumb\"},\"inLanguage\":\"tr\",\"potentialAction\":[{\"@type\":\"ReadAction\",\"target\":[\"http:\/\/www.3x3kampcadiri.com\/index.php\/urun\/clk-2x2-katlanabilir-gazebo-kamp-karavan-cadiri-01\/\"]}]},{\"@type\":\"BreadcrumbList\",\"@id\":\"http:\/\/www.3x3kampcadiri.com\/index.php\/urun\/clk-2x2-katlanabilir-gazebo-kamp-karavan-cadiri-01\/#breadcrumb\",\"itemListElement\":[{\"@type\":\"ListItem\",\"position\":1,\"name\":\"Anasayfa\",\"item\":\"http:\/\/www.3x3kampcadiri.com\/\"},{\"@type\":\"ListItem\",\"position\":2,\"name\":\"Ma\u011faza\",\"item\":\"http:\/\/www.3x3kampcadiri.com\/\"},{\"@type\":\"ListItem\",\"position\":3,\"name\":\"CLK 2&#215;2 Katlanabilir Gazebo Kamp Karavan \u00c7ad\u0131r\u0131 01\"}]}]}<\/script>\n<!-- \/ Yoast SEO plugin. -->","yoast_head_json":{"title":"CLK 2x2 Katlanabilir Gazebo Kamp Karavan \u00c7ad\u0131r\u0131 01 - 3x3 Gazebo Kamp &Ccedil;ad\u0131r\u0131 Katlanabilir Tente, Portatif Gazebo Kamp &Ccedil;ad\u0131r\u0131 Karavan &Ccedil;ad\u0131r\u0131 \u0130malat\u0131 \u0130leti\u015fim:0 533 925 36 78","robots":{"index":"index","follow":"follow","max-snippet":"max-snippet:-1","max-image-preview":"max-image-preview:large","max-video-preview":"max-video-preview:-1"},"canonical":"http:\/\/www.3x3kampcadiri.com\/index.php\/urun\/clk-2x2-katlanabilir-gazebo-kamp-karavan-cadiri-01\/","og_locale":"tr_TR","og_type":"article","og_title":"CLK 2x2 Katlanabilir Gazebo Kamp Karavan \u00c7ad\u0131r\u0131 01 - 3x3 Gazebo Kamp &Ccedil;ad\u0131r\u0131 Katlanabilir Tente, Portatif Gazebo Kamp &Ccedil;ad\u0131r\u0131 Karavan &Ccedil;ad\u0131r\u0131 \u0130malat\u0131 \u0130leti\u015fim:0 533 925 36 78","og_description":"CLK Gazebo Kamp ve Karavan \u00c7ad\u0131r\u0131 \u0130malat\u0131 ve Sat\u0131\u015f\u0131 Yapan Lider Firmad\u0131r. Hemen Sizde Katlan\u0131r Gazebo Kamp ve Karavan \u00c7ad\u0131r\u0131 Sat\u0131n Almak \u0130\u00e7in Bize 0 533 925 36 78 Numaral\u0131 Telefon \u0130le Ula\u015fabilirsiniz.","og_url":"http:\/\/www.3x3kampcadiri.com\/index.php\/urun\/clk-2x2-katlanabilir-gazebo-kamp-karavan-cadiri-01\/","og_site_name":"3x3 Gazebo Kamp &Ccedil;ad\u0131r\u0131 Katlanabilir Tente, Portatif Gazebo Kamp &Ccedil;ad\u0131r\u0131 Karavan &Ccedil;ad\u0131r\u0131 \u0130malat\u0131 \u0130leti\u015fim:0 533 925 36 78","article_modified_time":"2022-12-12T14:52:05+00:00","twitter_card":"summary_large_image","twitter_misc":{"Tahmini okuma s\u00fcresi":"1 dakika"},"schema":{"@context":"https:\/\/schema.org","@graph":[{"@type":"WebSite","@id":"http:\/\/www.3x3kampcadiri.com\/#website","url":"http:\/\/www.3x3kampcadiri.com\/","name":"3x3 Gazebo Kamp &Ccedil;ad\u0131r\u0131 Katlanabilir Tente, Portatif Gazebo Kamp &Ccedil;ad\u0131r\u0131 Karavan &Ccedil;ad\u0131r\u0131 \u0130malat\u0131 \u0130leti\u015fim:0 533 925 36 78","description":"3x3 Gazebo Kamp &Ccedil;ad\u0131r\u0131 Katlanabilir Tente, Portatif Gazebo Kamp &Ccedil;ad\u0131r\u0131 Karavan &Ccedil;ad\u0131r\u0131 \u0130malat\u0131 \u0130leti\u015fim:0 533 925 36 78","potentialAction":[{"@type":"SearchAction","target":{"@type":"EntryPoint","urlTemplate":"http:\/\/www.3x3kampcadiri.com\/?s={search_term_string}"},"query-input":"required name=search_term_string"}],"inLanguage":"tr"},{"@type":"ImageObject","@id":"http:\/\/www.3x3kampcadiri.com\/index.php\/urun\/clk-2x2-katlanabilir-gazebo-kamp-karavan-cadiri-01\/#primaryimage","inLanguage":"tr","url":"http:\/\/www.3x3kampcadiri.com\/wp-content\/uploads\/2022\/12\/clk-2x2-kamp-cadiri-katlanir-tente-gazebo-karavan-2.jpg","contentUrl":"http:\/\/www.3x3kampcadiri.com\/wp-content\/uploads\/2022\/12\/clk-2x2-kamp-cadiri-katlanir-tente-gazebo-karavan-2.jpg","width":1024,"height":1024},{"@type":"WebPage","@id":"http:\/\/www.3x3kampcadiri.com\/index.php\/urun\/clk-2x2-katlanabilir-gazebo-kamp-karavan-cadiri-01\/#webpage","url":"http:\/\/www.3x3kampcadiri.com\/index.php\/urun\/clk-2x2-katlanabilir-gazebo-kamp-karavan-cadiri-01\/","name":"CLK 2x2 Katlanabilir Gazebo Kamp Karavan \u00c7ad\u0131r\u0131 01 - 3x3 Gazebo Kamp &Ccedil;ad\u0131r\u0131 Katlanabilir Tente, Portatif Gazebo Kamp &Ccedil;ad\u0131r\u0131 Karavan &Ccedil;ad\u0131r\u0131 \u0130malat\u0131 \u0130leti\u015fim:0 533 925 36 78","isPartOf":{"@id":"http:\/\/www.3x3kampcadiri.com\/#website"},"primaryImageOfPage":{"@id":"http:\/\/www.3x3kampcadiri.com\/index.php\/urun\/clk-2x2-katlanabilir-gazebo-kamp-karavan-cadiri-01\/#primaryimage"},"datePublished":"2022-12-12T14:50:44+00:00","dateModified":"2022-12-12T14:52:05+00:00","breadcrumb":{"@id":"http:\/\/www.3x3kampcadiri.com\/index.php\/urun\/clk-2x2-katlanabilir-gazebo-kamp-karavan-cadiri-01\/#breadcrumb"},"inLanguage":"tr","potentialAction":[{"@type":"ReadAction","target":["http:\/\/www.3x3kampcadiri.com\/index.php\/urun\/clk-2x2-katlanabilir-gazebo-kamp-karavan-cadiri-01\/"]}]},{"@type":"BreadcrumbList","@id":"http:\/\/www.3x3kampcadiri.com\/index.php\/urun\/clk-2x2-katlanabilir-gazebo-kamp-karavan-cadiri-01\/#breadcrumb","itemListElement":[{"@type":"ListItem","position":1,"name":"Anasayfa","item":"http:\/\/www.3x3kampcadiri.com\/"},{"@type":"ListItem","position":2,"name":"Ma\u011faza","item":"http:\/\/www.3x3kampcadiri.com\/"},{"@type":"ListItem","position":3,"name":"CLK 2&#215;2 Katlanabilir Gazebo Kamp Karavan \u00c7ad\u0131r\u0131 01"}]}]}},"_links":{"self":[{"href":"http:\/\/www.3x3kampcadiri.com\/index.php\/wp-json\/wp\/v2\/product\/48"}],"collection":[{"href":"http:\/\/www.3x3kampcadiri.com\/index.php\/wp-json\/wp\/v2\/product"}],"about":[{"href":"http:\/\/www.3x3kampcadiri.com\/index.php\/wp-json\/wp\/v2\/types\/product"}],"replies":[{"embeddable":true,"href":"http:\/\/www.3x3kampcadiri.com\/index.php\/wp-json\/wp\/v2\/comments?post=48"}],"wp:featuredmedia":[{"embeddable":true,"href":"http:\/\/www.3x3kampcadiri.com\/index.php\/wp-json\/wp\/v2\/media\/410"}],"wp:attachment":[{"href":"http:\/\/www.3x3kampcadiri.com\/index.php\/wp-json\/wp\/v2\/media?parent=48"}],"wp:term":[{"taxonomy":"product_cat","embeddable":true,"href":"http:\/\/www.3x3kampcadiri.com\/index.php\/wp-json\/wp\/v2\/product_cat?post=48"},{"taxonomy":"product_tag","embeddable":true,"href":"http:\/\/www.3x3kampcadiri.com\/index.php\/wp-json\/wp\/v2\/product_tag?post=48"}],"curies":[{"name":"wp","href":"https:\/\/api.w.org\/{rel}","templated":true}]}}